{"id":747,"date":"2022-08-23T02:56:20","date_gmt":"2022-08-23T00:56:20","guid":{"rendered":"https:\/\/slsb.cz\/?page_id=747"},"modified":"2022-08-24T07:25:30","modified_gmt":"2022-08-24T05:25:30","slug":"2022-01","status":"publish","type":"page","link":"https:\/\/slsb.cz\/en\/2022-01\/","title":{"rendered":"2022-01"},"content":{"rendered":"<h1 class=\"has-text-align-right wp-block-heading\">SLEZSK\u00dd SBORN\u00cdK CXX \/ 2022, \u010d\u00edslo 1<\/h1>\n\n\n\n<h2 class=\"wp-block-heading\"><a href=\"\/wp-content\/uploads\/SlSb_1_22_1.pdf\">Ksi\u0105\u017c\u0119 Henryk VIII Wr\u00f3bel (ok. 1360 \u2013 14 III 1397) i jego rz\u0105dy w ksi\u0119stwie Ko\u017cuchowsko-zielonog\u00f3rskim<\/a><\/h2>\n\n\n\n<h3 class=\"wp-block-heading\">Duke Henry VIII the Sparrow (approx. 1360\u201314 III 1397) and his Rule in the Duchy of Ko\u017cuch\u00f3w-Zielona G\u00f3ra<\/h3>\n\n\n\n<h4 class=\"wp-block-heading\">Joanna Karczewska<\/h4>\n\n\n\n<h5 class=\"wp-block-heading\">The article portrays an image of the Duke Henry VIII the Sparrow and his rule in the Duchy of Ko\u017cuch\u00f3w-Zielona G\u00f3ra, comprising part of the G\u0142og\u00f3w district. The duke\u2019s background and family environment are presented, further to the impact the two above matters had on him. Subsequently, various aspects of the duke\u2019s activities were discussed, initially during his co-rule with his brothers and then \u2013 during his autonomous ruleafter the division of the G\u0142og\u00f3w district in 1378, when he became the ruler of the Duchy of Ko\u017cuch\u00f3w-Zielona G\u00f3ra. The article discusses the issue of the duke\u2019s marriage and children as well as matters related to managing and administering the duchy, the state of the duke\u2019s domain as well as the chancellery\u2019s activity. Furthermore, issues regarding Henry VIII\u2019s passion for knight tournaments and militaria as well as the impact of such an\nentertainment on the duchy\u2019s situation were revealed by the author.<\/h5>\n\n\n\n<h2 class=\"wp-block-heading\"><a href=\"\/wp-content\/uploads\/SlSb_1_22_2.pdf\">Henleinovsk\u00e9 povst\u00e1n\u00ed na Jesenicku v z\u00e1\u0159\u00ed 1938 optikou \u010deskoslovensk\u00e9ho vy\u0161et\u0159ov\u00e1n\u00ed<\/a><\/h2>\n\n\n\n<h3 class=\"wp-block-heading\">Henlein Uprising in Jesen\u00edk Region in September 1938 Seen through Czechoslovak Investigation Reports<\/h3>\n\n\n\n<h4 class=\"wp-block-heading\">Ond\u0159ej Kol\u00e1\u0159<\/h4>\n\n\n\n<h5 class=\"wp-block-heading\">The study deals with the German pro-Nazi insurgency in Czechoslovakia in 1938, leading to the Munich Agreement, on the example of Jesen\u00edk district, remote and predominantly mountainous region of western part of Czech Silesia. Research is based primarily on post-war investigation agenda, as well as memoirs and press articles. The article aims to analyse preparations (mainly smuggling of weapons) and goals of the insurgents, as well as their ties to German intelligence and military personnel. Another purpose of this paper is to identify the main actors of the uprising regarding to their social status and previous political affiliations. Final part of article focuses on response of Czechoslovak security forces in wider context of Czechoslovak defence strategy.\n<\/h5>\n\n\n\n<h2 class=\"wp-block-heading\"><a href=\"\/wp-content\/uploads\/SlSb_1_22_3.pdf\">\u201eSlov\u00e1cko sa nes\u00fad\u00ed\u201c aneb Konec inici\u00e1tor\u016f moravsk\u00e9 iredenty<\/a><\/h2>\n\n\n\n<h3 class=\"wp-block-heading\">\u201eNo Trials in Slov\u00e1cko\u201c or End of leaders of Moravian irredentism<\/h3>\n\n\n\n<h4 class=\"wp-block-heading\">Viktor Jan\u00e1k<\/h4>\n\n\n\n<h5 class=\"wp-block-heading\">The study focuses on the circumstances of the end of Moravian irredentist activities of late 1930s, grouped around a civic association called N\u00e1rodopisn\u00e1 Morava (Ethnographic Moravia). The leading figures of the initiative were prosecuted by Extraordinary People\u00b4s Court in Uhersk\u00e9 Hradi\u0161t\u011b after the end of World War II. The aim of this article is to describe and analyse the court martials of particular personalities participating in the activities of above-mentioned association and to find out, whether (or why) the verdicts of the court and the time really spent in prisons and labour camps differed in individual cases. Another purpose of the research is to point out the diverse approach of the court towards the Moravian irredentists, compared to other political groups, prosecuted according to Presidential Decree No. 16\/1945, also known as \u201eBig Retribution Decree\u201c.<\/h5>\n\n\n\n<h2 class=\"wp-block-heading\"><a href=\"\/wp-content\/uploads\/SlSb_1_22_4.pdf\">Bezpe\u010dnostn\u00ed a vojensk\u00e1 situace na hranic\u00edch severov\u00fdchodn\u00edho Slovenska v letech 1945\u20131947<\/a><\/h2>\n\n\n\n<h3 class=\"wp-block-heading\">Security and military situation on the borders of north-eastern Slovakia in the years 1945\u20131947<\/h3>\n\n\n\n<h4 class=\"wp-block-heading\">Tom\u00e1\u0161 \u0158epa<\/h4>\n\n\n\n<h5 class=\"wp-block-heading\">\nThe study focuses on security and military aspects of border surveillance in the region of north-eastern Slovakia after the end of World War II. Ideal conditions did not prevail here during this period. Also due to the fact that the return to peace was more difficult in the local remote, mountainous and forested region than elsewhere in the restored Czechoslovak Republic. There were a number of robberies and formations in the area, which were not satisfied with the geopolitical direction of the region of Central and Eastern Europe, including the B\u0142yskawica group of J\u00f3zef Kura\u015b called Ogie\u0144 and especially the Bandera, members of the Organization of Ukrainian Nationalists and the Ukrainian Insurgent Army. Gradually, the situation escalated to such an extent that the Czechoslovak army units were deployed due to consolidation into a normal security situation in a functioning state. However, everything was also complicated by political pressures from Moscow and the Czechoslovak communists, who also abused these events on their way to power over the country.<\/h5>\n\n\n\n<h2 class=\"wp-block-heading\"><a href=\"\/wp-content\/uploads\/SlSb_1_22_5.pdf\">Duchovn\u00ed \u017eivot moravskoslezsk\u00e9ho regionu na p\u0159\u00edkladu osobnost\u00ed ze sb\u00edrek Pam\u00e1tn\u00edku Petra Bezru\u010de: Franti\u0161ek N\u011bmec, Zdislav \u0160krabal, Josef Vesel\u00fd<\/a><\/h2>\n\n\n\n<h3 class=\"wp-block-heading\">Regional spiritual life by an example of personalities from the Petr Bezru\u010d Memorial collections: Franti\u0161ek N\u011bmec, Zdislav \u0160krabal, Josef Vesel\u00fd<\/h3>\n\n\n\n<h4 class=\"wp-block-heading\">Martina Dragonov\u00e1 \u2013 Monika Szturcov\u00e1<\/h4>\n\n\n\n<h5 class=\"wp-block-heading\">Study is about a regional spiritual life by an example of significant spiritual and ecclesiastical personalities: Franti\u0161ek N\u011bmec, Zdislav \u0160krabal and Josef Vesel\u00fd. These Catholic priests were active both in ecclesiastical and social life and they were also all writers. Their literary estates are part of collections of the Petr Bezru\u010d Memorial at the Silesian museum in Opava.<\/h5>\n\n\n\n<h2 class=\"wp-block-heading\"><a href=\"\/wp-content\/uploads\/SlSb_1_22_6.pdf\">Material Studies<\/a><\/h2>\n\n\n\n<h3 class=\"wp-block-heading\">Vztah slezsk\u00e9ho etnografa a folkloristy Anton\u00edna Satkeho k \u201erodn\u00e9mu\u201c domu \u010dp. 132 v Kom\u00e1rov\u011b u Opavy (Kamil Rodan)<\/h3>\n\n\n<h2><a href=\"\/wp-content\/uploads\/SlSb_1_22_7.pdf\">Recenze a zpr\u00e1vy o literatu\u0159e<\/a><\/h2>\n<p><!-- \/wp:post-content --><\/p>\n<p><!-- wp:heading {\"level\":3} --><\/p>\n<h3>Michael MORYS-TWAROWSKI, W\u00f3jtowie na \u015al\u0105sku Cieszy\u0144skim 1864\u20131918. Studium prozopograficzne. (Wojciech \u015awi\u0119s)<\/h3>\n<p><!-- \/wp:heading --><\/p>\n<p><!-- wp:heading {\"level\":3} --><\/p>\n<h3>Viktor VELEK, Hudebn\u00ed um\u011blci mezi Ostravou a V\u00eddn\u00ed 2\u20134 .(Lenka \u010cern\u00edkov\u00e1)<\/h3>\n<p><!-- \/wp:heading --><\/p>\n<p><!-- wp:heading {\"level\":3} --><\/p>\n<h3>Pavel MACH\u00c1\u010cEK, Zmizel\u00e9 Jesenicko 2. d\u00edl: T\u00e9m\u011b\u0159 zanikl\u00e9 osady. (Ivana Kol\u00e1\u0159ov\u00e1)<\/h3>\n<p><!-- \/wp:heading --><\/p>\n<p><!-- wp:heading {\"level\":3} --><\/p>\n<h3>Piotr PA\u0141YS \u2013 Dalibor SOKOLOVI\u0106, Jugos\u0142awia wobec Serbo\u0142u\u017cyczan i \u0141u\u017cyc w latach 1946\u20131949: wyb\u00f3r \u017ar\u00f3de\u0142. (Josef Botl\u00edk)<\/h3>\n<p><!-- \/wp:heading --><\/p>\n<p><!-- wp:heading {\"level\":3} --><\/p>\n<h3>Jakub \u0160LOUF, Praha v \u010dervnu 1953. D\u011blnick\u00e1 revolta proti m\u011bnov\u00e9 reform\u011b, vyjedn\u00e1v\u00e1n\u00ed v tov\u00e1rn\u00e1ch a struktur\u00e1ln\u00ed prom\u011bna d\u011blnick\u00e9 t\u0159\u00eddy. (Ji\u0159\u00ed Knap\u00edk)<\/h3>\n<p><!-- \/wp:heading --><\/p>\n<p><!-- wp:heading {\"level\":3} --><\/p>\n<h3>Miki HRUSKA \u2013 Evelyn ELLERMAN, No way back home. The unexpected Life of a Czech Family in India (1938\u20131977). (Ludmila Lambeinov\u00e1)<br>\n<\/h3>\n<p><!-- \/wp:heading --><\/p>\n<p><!-- wp:heading --><\/p>\n<h2><a href=\"\/wp-content\/uploads\/SlSb_1_22_8.pdf\">Chronicle<\/a><\/h2>\n<p><!-- \/wp:heading --><\/p>\n<p><!-- wp:heading {\"level\":3} --><\/p>\n<h3>\u201eV\u0161echny cesty vedou do \u0158\u00edma\u201c: mezin\u00e1rodn\u00ed kolokvium v Opav\u011b, 25. \u2013 26. listopadu 2021 (Tom\u00e1\u0161 Kr\u00f6mer)<\/h3>\n<p><!-- \/wp:heading --><\/p>\n<p><!-- wp:heading --><\/p>\n<h2><a href=\"\/wp-content\/uploads\/SlSb_1_22_9.pdf\">Bibliografick\u00e1 p\u0159\u00edloha<\/a><\/h2>\n<p><!-- \/wp:heading --><\/p>","protected":false},"excerpt":{"rendered":"<p>SLEZSK\u00dd SBORN\u00cdK CXX \/ 2022, \u010d\u00edslo 1 Ksi\u0105\u017c\u0119 Henryk VIII Wr\u00f3bel (ok. 1360 \u2013 14 III 1397) i jego rz\u0105dy w ksi\u0119stwie Ko\u017cuchowsko-zielonog\u00f3rskim Duke Henry VIII the Sparrow (approx. 1360\u201314 III 1397) and his Rule in the Duchy of Ko\u017cuch\u00f3w-Zielona G\u00f3ra Joanna Karczewska The article portrays an image of the Duke Henry VIII the Sparrow&hellip; <a class=\"more-link\" href=\"https:\/\/slsb.cz\/en\/2022-01\/\">Continue reading <span class=\"screen-reader-text\">2022-01<\/span><\/a><\/p>","protected":false},"author":1,"featured_media":0,"parent":0,"menu_order":0,"comment_status":"closed","ping_status":"closed","template":"","meta":{"footnotes":""},"class_list":["post-747","page","type-page","status-publish","hentry","entry"],"_links":{"self":[{"href":"https:\/\/slsb.cz\/en\/wp-json\/wp\/v2\/pages\/747","targetHints":{"allow":["GET"]}}],"collection":[{"href":"https:\/\/slsb.cz\/en\/wp-json\/wp\/v2\/pages"}],"about":[{"href":"https:\/\/slsb.cz\/en\/wp-json\/wp\/v2\/types\/page"}],"author":[{"embeddable":true,"href":"https:\/\/slsb.cz\/en\/wp-json\/wp\/v2\/users\/1"}],"replies":[{"embeddable":true,"href":"https:\/\/slsb.cz\/en\/wp-json\/wp\/v2\/comments?post=747"}],"version-history":[{"count":4,"href":"https:\/\/slsb.cz\/en\/wp-json\/wp\/v2\/pages\/747\/revisions"}],"predecessor-version":[{"id":770,"href":"https:\/\/slsb.cz\/en\/wp-json\/wp\/v2\/pages\/747\/revisions\/770"}],"wp:attachment":[{"href":"https:\/\/slsb.cz\/en\/wp-json\/wp\/v2\/media?parent=747"}],"curies":[{"name":"wp","href":"https:\/\/api.w.org\/{rel}","templated":true}]}}

<h1 class="has-text-align-right wp-block-heading">SLEZSKÝ SBORNÍK CXX / 2022, číslo 1</h1>



<h2 class="wp-block-heading"><a href="/wp-content/uploads/SlSb_1_22_1.pdf">Książę Henryk VIII Wróbel (ok. 1360 – 14 III 1397) i jego rządy w księstwie Kożuchowsko-zielonogórskim</a></h2>



<h3 class="wp-block-heading">Duke Henry VIII the Sparrow (approx. 1360–14 III 1397) and his Rule in the Duchy of Kożuchów-Zielona Góra</h3>



<h4 class="wp-block-heading">Joanna Karczewska</h4>



<h5 class="wp-block-heading">The article portrays an image of the Duke Henry VIII the Sparrow and his rule in the Duchy of Kożuchów-Zielona Góra, comprising part of the Głogów district. The duke’s background and family environment are presented, further to the impact the two above matters had on him. Subsequently, various aspects of the duke’s activities were discussed, initially during his co-rule with his brothers and then – during his autonomous ruleafter the division of the Głogów district in 1378, when he became the ruler of the Duchy of Kożuchów-Zielona Góra. The article discusses the issue of the duke’s marriage and children as well as matters related to managing and administering the duchy, the state of the duke’s domain as well as the chancellery’s activity. Furthermore, issues regarding Henry VIII’s passion for knight tournaments and militaria as well as the impact of such an
entertainment on the duchy’s situation were revealed by the author.</h5>



<h2 class="wp-block-heading"><a href="/wp-content/uploads/SlSb_1_22_2.pdf">Henleinovské povstání na Jesenicku v září 1938 optikou československého vyšetřování</a></h2>



<h3 class="wp-block-heading">Henlein Uprising in Jeseník Region in September 1938 Seen through Czechoslovak Investigation Reports</h3>



<h4 class="wp-block-heading">Ondřej Kolář</h4>



<h5 class="wp-block-heading">The study deals with the German pro-Nazi insurgency in Czechoslovakia in 1938, leading to the Munich Agreement, on the example of Jeseník district, remote and predominantly mountainous region of western part of Czech Silesia. Research is based primarily on post-war investigation agenda, as well as memoirs and press articles. The article aims to analyse preparations (mainly smuggling of weapons) and goals of the insurgents, as well as their ties to German intelligence and military personnel. Another purpose of this paper is to identify the main actors of the uprising regarding to their social status and previous political affiliations. Final part of article focuses on response of Czechoslovak security forces in wider context of Czechoslovak defence strategy.
</h5>



<h2 class="wp-block-heading"><a href="/wp-content/uploads/SlSb_1_22_3.pdf">„Slovácko sa nesúdí“ aneb Konec iniciátorů moravské iredenty</a></h2>



<h3 class="wp-block-heading">„No Trials in Slovácko“ or End of leaders of Moravian irredentism</h3>



<h4 class="wp-block-heading">Viktor Janák</h4>



<h5 class="wp-block-heading">The study focuses on the circumstances of the end of Moravian irredentist activities of late 1930s, grouped around a civic association called Národopisná Morava (Ethnographic Moravia). The leading figures of the initiative were prosecuted by Extraordinary People´s Court in Uherské Hradiště after the end of World War II. The aim of this article is to describe and analyse the court martials of particular personalities participating in the activities of above-mentioned association and to find out, whether (or why) the verdicts of the court and the time really spent in prisons and labour camps differed in individual cases. Another purpose of the research is to point out the diverse approach of the court towards the Moravian irredentists, compared to other political groups, prosecuted according to Presidential Decree No. 16/1945, also known as „Big Retribution Decree“.</h5>



<h2 class="wp-block-heading"><a href="/wp-content/uploads/SlSb_1_22_4.pdf">Bezpečnostní a vojenská situace na hranicích severovýchodního Slovenska v letech 1945–1947</a></h2>



<h3 class="wp-block-heading">Security and military situation on the borders of north-eastern Slovakia in the years 1945–1947</h3>



<h4 class="wp-block-heading">Tomáš Řepa</h4>



<h5 class="wp-block-heading">
The study focuses on security and military aspects of border surveillance in the region of north-eastern Slovakia after the end of World War II. Ideal conditions did not prevail here during this period. Also due to the fact that the return to peace was more difficult in the local remote, mountainous and forested region than elsewhere in the restored Czechoslovak Republic. There were a number of robberies and formations in the area, which were not satisfied with the geopolitical direction of the region of Central and Eastern Europe, including the Błyskawica group of Józef Kuraś called Ogień and especially the Bandera, members of the Organization of Ukrainian Nationalists and the Ukrainian Insurgent Army. Gradually, the situation escalated to such an extent that the Czechoslovak army units were deployed due to consolidation into a normal security situation in a functioning state. However, everything was also complicated by political pressures from Moscow and the Czechoslovak communists, who also abused these events on their way to power over the country.</h5>



<h2 class="wp-block-heading"><a href="/wp-content/uploads/SlSb_1_22_5.pdf">Duchovní život moravskoslezského regionu na příkladu osobností ze sbírek Památníku Petra Bezruče: František Němec, Zdislav Škrabal, Josef Veselý</a></h2>



<h3 class="wp-block-heading">Regional spiritual life by an example of personalities from the Petr Bezruč Memorial collections: František Němec, Zdislav Škrabal, Josef Veselý</h3>



<h4 class="wp-block-heading">Martina Dragonová – Monika Szturcová</h4>



<h5 class="wp-block-heading">Study is about a regional spiritual life by an example of significant spiritual and ecclesiastical personalities: František Němec, Zdislav Škrabal and Josef Veselý. These Catholic priests were active both in ecclesiastical and social life and they were also all writers. Their literary estates are part of collections of the Petr Bezruč Memorial at the Silesian museum in Opava.</h5>



<h2 class="wp-block-heading"><a href="/wp-content/uploads/SlSb_1_22_6.pdf">Material Studies</a></h2>



<h3 class="wp-block-heading">Vztah slezského etnografa a folkloristy Antonína Satkeho k „rodnému“ domu čp. 132 v Komárově u Opavy (Kamil Rodan)</h3>


<h2><a href="/wp-content/uploads/SlSb_1_22_7.pdf">Recenze a zprávy o literatuře</a></h2>
<p><!-- /wp:post-content --></p>
<p><!-- wp:heading {"level":3} --></p>
<h3>Michael MORYS-TWAROWSKI, Wójtowie na Śląsku Cieszyńskim 1864–1918. Studium prozopograficzne. (Wojciech Święs)</h3>
<p><!-- /wp:heading --></p>
<p><!-- wp:heading {"level":3} --></p>
<h3>Viktor VELEK, Hudební umělci mezi Ostravou a Vídní 2–4 .(Lenka Černíková)</h3>
<p><!-- /wp:heading --></p>
<p><!-- wp:heading {"level":3} --></p>
<h3>Pavel MACHÁČEK, Zmizelé Jesenicko 2. díl: Téměř zaniklé osady. (Ivana Kolářová)</h3>
<p><!-- /wp:heading --></p>
<p><!-- wp:heading {"level":3} --></p>
<h3>Piotr PAŁYS – Dalibor SOKOLOVIĆ, Jugosławia wobec Serbołużyczan i Łużyc w latach 1946–1949: wybór źródeł. (Josef Botlík)</h3>
<p><!-- /wp:heading --></p>
<p><!-- wp:heading {"level":3} --></p>
<h3>Jakub ŠLOUF, Praha v červnu 1953. Dělnická revolta proti měnové reformě, vyjednávání v továrnách a strukturální proměna dělnické třídy. (Jiří Knapík)</h3>
<p><!-- /wp:heading --></p>
<p><!-- wp:heading {"level":3} --></p>
<h3>Miki HRUSKA – Evelyn ELLERMAN, No way back home. The unexpected Life of a Czech Family in India (1938–1977). (Ludmila Lambeinová)<br>
</h3>
<p><!-- /wp:heading --></p>
<p><!-- wp:heading --></p>
<h2><a href="/wp-content/uploads/SlSb_1_22_8.pdf">Chronicle</a></h2>
<p><!-- /wp:heading --></p>
<p><!-- wp:heading {"level":3} --></p>
<h3>„Všechny cesty vedou do Říma“: mezinárodní kolokvium v Opavě, 25. – 26. listopadu 2021 (Tomáš Krömer)</h3>
<p><!-- /wp:heading --></p>
<p><!-- wp:heading --></p>
<h2><a href="/wp-content/uploads/SlSb_1_22_9.pdf">Bibliografická příloha</a></h2>
<p><!-- /wp:heading --></p>

<p>SLEZSKÝ SBORNÍK CXX / 2022, číslo 1 Książę Henryk VIII Wróbel (ok. 1360 – 14 III 1397) i jego rządy w księstwie Kożuchowsko-zielonogórskim Duke Henry VIII the Sparrow (approx. 1360–14 III 1397) and his Rule in the Duchy of Kożuchów-Zielona Góra Joanna Karczewska The article portrays an image of the Duke Henry VIII the Sparrow&hellip; <a class="more-link" href="https://slsb.cz/en/2022-01/">Continue reading <span class="screen-reader-text">2022-01</span></a></p>
