{"id":713,"date":"2022-03-31T00:15:52","date_gmt":"2022-03-30T22:15:52","guid":{"rendered":"https:\/\/slsb.cz\/?page_id=713"},"modified":"2022-03-31T00:19:05","modified_gmt":"2022-03-30T22:19:05","slug":"2018-01","status":"publish","type":"page","link":"https:\/\/slsb.cz\/en\/2018-01\/","title":{"rendered":"2018-01"},"content":{"rendered":"<h1 class=\"has-text-align-right wp-block-heading\">SLEZSK\u00dd SBORN\u00cdK CXVI \/ 2018, \u010d\u00edslo 1<\/h1>\n\n\n\n<h2 class=\"wp-block-heading\"><a href=\"\/wp-content\/uploads\/SlSb_1_18_1.pdf\">Kirchliche Organisation im heutigen Hultschiner L\u00e4ndchen im Licht der erhaltenen Matrikeln \u2013 ein historischer R\u00fcckblick<\/a><\/h2>\n\n\n\n<h3 class=\"wp-block-heading\">Parish Organizations in Today\u2019s Hlu\u010d\u00edn Region in the Light of Preserved Registers \u2013 Historical Look Back<\/h3>\n\n\n\n<h4 class=\"wp-block-heading\">Zden\u011bk Kravar<\/h4>\n\n\n\n<h5 class=\"wp-block-heading\">The article presents an outline of the historical development of the ecclesiastical organization of the Hlu\u010d\u00edn region, which has a specific position among the other border regions of today\u2019s Czech Republic. Although the Hlu\u010d\u00edn region was part of Germany from 1742 to 1920, it belonged to the (Arch)Diocese of Olomouc, so the church development progressed continuously with the development in neighbouring Austria. The text outlines the basic features of this development, which are complemented by the overview of the most important archival materials on this subject &#8211; parish registers.\n<\/h5>\n\n\n\n<h2 class=\"wp-block-heading\"><a href=\"\/wp-content\/uploads\/SlSb_1_18_2.pdf\">Pr\u016fmyslov\u00e9 pokra\u010dovac\u00ed \u0161kolstv\u00ed v rakousk\u00e9m Slezsku do prvn\u00ed sv\u011btov\u00e9 v\u00e1lky: z\u00e1kladn\u00ed v\u00fdvojov\u00e9 tendence<\/a><\/h2>\n\n\n\n<h3 class=\"wp-block-heading\">Industrial Continuing Education in Silesian Austria until World War I: Basic Development Trends<\/h3>\n\n\n\n<h4 class=\"wp-block-heading\">Petr Kadlec<\/h4>\n\n\n\n<h5 class=\"wp-block-heading\">The study is concerned with the development of educational training for apprentices in Silesia. The aim of the author is to show the basic developmental tendencies of the so-called industrial continuing schools (Fortbildungsschulen), to show their place in the educational system and the role they played in the education of youth, whose professional application was later associated with industry or the operation of various craft trades. The study is focused on the period of the last third of the 19th and the beginning of the 20th century, i.e. the time of establishment and dynamic development of Silesian continuing schools. It provides an insight into the organization of studies and the composition of pupils. The all-land perspective is complemented by pieces of knowledge from specific locations and school institutions. Particular attention is paid to the school in Brunt\u00e1l, by the example of which some phenomena of a more general nature are documented.<\/h5>\n\n\n\n<h2 class=\"wp-block-heading\"><a href=\"\/wp-content\/uploads\/SlSb_1_18_3.pdf\">Centralist\u00e9 = komunist\u00e9? P\u0159\u00edklad Ostravska<\/a><\/h2>\n\n\n\n<h3 class=\"wp-block-heading\">Centralists = Commiunists? Example of Ostrava region<\/h3>\n\n\n\n<h4 class=\"wp-block-heading\">Stanislav Knob<\/h4>\n\n\n\n<h5 class=\"wp-block-heading\">Czech Social Democracy has undergone a complex development, in which it split several times into several camps. Probably the least explored and reflected split is the one into the so-called Autonomists and Centralists, shortly before the First World War. Although both of these streams reunited after the war, many differences of opinion persisted, and so, in the next split, many Centralists joined the ranks of the newly-established Communist Party. This assertion can be proved by the example of the Ostrava Region.<\/h5>\n\n\n\n<h2 class=\"wp-block-heading\"><a href=\"\/wp-content\/uploads\/SlSb_1_18_4.pdf\">Bezpe\u010dnostn\u011b-politick\u00e9 pom\u011bry na Hlu\u010d\u00ednsku o\u010dima po\u0159\u00e1dkov\u00e9ho apar\u00e1tu v obdob\u00ed mezi volbami 1935 a Mnichovskou dohodou<\/a><\/h2>\n\n\n\n<h3 class=\"wp-block-heading\">The Security-Political Situation in the Hlu\u010d\u00edn Region as Seen by the Security Apparatus between the 1935 Elections and the Munich Agreement<\/h3>\n\n\n\n<h4 class=\"wp-block-heading\">Ivana Kol\u00e1\u0159ov\u00e1<\/h4>\n\n\n\n<h5 class=\"wp-block-heading\">The study describes and analyzes the most prominent manifestations of the intensifying security-political situation in the Hlu\u010d\u00edn region as well as the forms in which the state authorities and, in particular, the security troops, responded to the situation. In general features, we focus on a period that is defined by two important points, namely the parliamentary elections of 1935, and the signature of the Munich Agreement at the end of September 1938. Attention will also be paid to the views of regional public officials on the state-security conditions in the Hlu\u010d\u00edn region. The research is mainly based on the agenda of the security apparatus, as well as chronicle and public press.<\/h5>\n\n\n\n<h2 class=\"wp-block-heading\"><a href=\"\/wp-content\/uploads\/SlSb_1_18_5.pdf\">V\u00fdzkum d\u011bjin retribuce v obvodu Mimo\u0159\u00e1dn\u00e9ho lidov\u00e9ho soudu Opava \u2013 stav, v\u00fdchodiska a perspektivy<\/a><\/h2>\n\n\n\n<h3 class=\"wp-block-heading\">Research on the History of Retribution in the District of the Special People\u2019s Court in Opava &#8211; Status, Bases and Perspectives <\/h3>\n\n\n\n<h4 class=\"wp-block-heading\">Du\u0161an Jan\u00e1k \u2013 Ond\u0159ej Kol\u00e1\u0159<\/h4>\n\n\n\n<h5 class=\"wp-block-heading\">The study focuses on the phenomenon of the so-called retribution after World War II presented on the example of the Western Czech Silesia region, namely the district of the Special People\u2019s Court in Opava, active from 1945 to 1948. The authors recapitulate the research that has been made so far into this area and address the perspectives of further research. The study explores the possibilities of using other types of sources and analyzes the significance and limits of the relevance of the retribution agenda for understanding the political and social history of the region in the 1930s and 1940s.<\/h5>\n\n\n\n<h2 class=\"wp-block-heading\"><a href=\"\/wp-content\/uploads\/SlSb_1_18_6.pdf\">P\u016fsoben\u00ed z\u00e1vodn\u00edch rad na \u0159e\u0161en\u00ed soci\u00e1ln\u00edch ot\u00e1zek v T\u0159ineck\u00fdch \u017eelez\u00e1rn\u00e1ch a \u017eelez\u00e1rn\u00e1ch a dr\u00e1tovn\u00e1ch v Bohum\u00edn\u011b <\/a><\/h2>\n\n\n\n<h3 class=\"wp-block-heading\">The Functioning of Work Councils in Dealing with Social Issues In T\u0159inec Ironworks and Iron and Wire Works in Bohum\u00edn<\/h3>\n\n\n\n<h4 class=\"wp-block-heading\">Tereza Valihrachov\u00e1 \u2013 Miroslav Stanik<\/h4>\n\n\n\n<h5 class=\"wp-block-heading\">This article is devoted to workers councils in steel works in the Czech part of the Silesian region after 1945-namely in T\u0159inec and Bohum\u00edn. Workers councils represented majority of employees and were entitled to cope with various problems which affected daily life, nevertheless this paper does not deal with all of them. First pages focus in general on the situation in Czechoslovakia after 1945 and the second part covers the role of workers councils as deciding body within steel works.<\/h5>\n\n\n<h2><a href=\"\/wp-content\/uploads\/SlSb_1_18_7.pdf\">Recenze a zpr\u00e1vy o literatu\u0159e<\/a><\/h2>\n<p><!-- \/wp:post-content --><\/p>\n<p><!-- wp:heading {\"level\":3} --><\/p>\n<h3>Jana DAVIDOV\u00c1 GLOGAROV\u00c1 \u2013 Jaroslav DAVID, Obrazy z cest do zem\u011b sov\u011bt\u016f: \u010cesk\u00e9 cestopisy do sov\u011btsk\u00e9ho Ruska a Sov\u011btsk\u00e9ho svazu 1917\u20131968.  (Martin  Doljesk\u00fd)<\/h3>\n<p><!-- \/wp:heading --><\/p>\n<p><!-- wp:heading {\"level\":3} --><\/p>\n<h3>Lubom\u00edr  HLAVIENKA,  Slovensk\u00e1 arm\u00e1da 1939\u20131945. (Ond\u0159ej Kol\u00e1\u0159)<\/h3>\n<p><!-- \/wp:heading --><\/p>\n<p><!-- wp:heading {\"level\":3} --><\/p>\n<h3>Jana KAS\u00cdKOV\u00c1, A\u0165 mohou p\u0159ijeti. Organizace pov\u00e1le\u010dn\u00e9 repatriace a n\u00e1vrat\u016f 1942\u20131947. (Ji\u0159\u00ed Friedl)<\/h3>\n<p><!-- \/wp:heading --><\/p>\n<p><!-- wp:heading --><\/p>\n<h2><a href=\"\/wp-content\/uploads\/SlSb_1_18_8.pdf\">Chronicle<\/a><\/h2>\n<p><!-- \/wp:heading --><\/p>\n<p><!-- wp:heading {\"level\":3} --><\/p>\n<h3>Ode\u0161el \u010dlov\u011bk, jen\u017e se hrd\u011b hl\u00e1sil k Prajz\u00e1k\u016fm. (Nina Pavel\u010d\u00edkov\u00e1); K 75. v\u00fdro\u010d\u00ed vzniku Slezsk\u00e9ho \u00fastavu v Opav\u011b \u2013 ohl\u00e9dnut\u00ed a v\u00fdhled.<br>\n(Ond\u0159ej Kol\u00e1\u0159)<\/h3>\n<p><!-- \/wp:heading --><\/p>\n<p><!-- wp:heading --><\/p>\n<h2><a href=\"\/wp-content\/uploads\/SlSb_1_18_9.pdf\">Bibliografick\u00e1 p\u0159\u00edloha<\/a><\/h2>\n<p><!-- \/wp:heading --><\/p>","protected":false},"excerpt":{"rendered":"<p>SLEZSK\u00dd SBORN\u00cdK CXVI \/ 2018, \u010d\u00edslo 1 Kirchliche Organisation im heutigen Hultschiner L\u00e4ndchen im Licht der erhaltenen Matrikeln \u2013 ein historischer R\u00fcckblick Parish Organizations in Today\u2019s Hlu\u010d\u00edn Region in the Light of Preserved Registers \u2013 Historical Look Back Zden\u011bk Kravar The article presents an outline of the historical development of the ecclesiastical organization of the&hellip; <a class=\"more-link\" href=\"https:\/\/slsb.cz\/en\/2018-01\/\">Continue reading <span class=\"screen-reader-text\">2018-01<\/span><\/a><\/p>","protected":false},"author":1,"featured_media":0,"parent":0,"menu_order":0,"comment_status":"closed","ping_status":"closed","template":"","meta":{"footnotes":""},"class_list":["post-713","page","type-page","status-publish","hentry","entry"],"_links":{"self":[{"href":"https:\/\/slsb.cz\/en\/wp-json\/wp\/v2\/pages\/713","targetHints":{"allow":["GET"]}}],"collection":[{"href":"https:\/\/slsb.cz\/en\/wp-json\/wp\/v2\/pages"}],"about":[{"href":"https:\/\/slsb.cz\/en\/wp-json\/wp\/v2\/types\/page"}],"author":[{"embeddable":true,"href":"https:\/\/slsb.cz\/en\/wp-json\/wp\/v2\/users\/1"}],"replies":[{"embeddable":true,"href":"https:\/\/slsb.cz\/en\/wp-json\/wp\/v2\/comments?post=713"}],"version-history":[{"count":2,"href":"https:\/\/slsb.cz\/en\/wp-json\/wp\/v2\/pages\/713\/revisions"}],"predecessor-version":[{"id":716,"href":"https:\/\/slsb.cz\/en\/wp-json\/wp\/v2\/pages\/713\/revisions\/716"}],"wp:attachment":[{"href":"https:\/\/slsb.cz\/en\/wp-json\/wp\/v2\/media?parent=713"}],"curies":[{"name":"wp","href":"https:\/\/api.w.org\/{rel}","templated":true}]}}

<h1 class="has-text-align-right wp-block-heading">SLEZSKÝ SBORNÍK CXVI / 2018, číslo 1</h1>



<h2 class="wp-block-heading"><a href="/wp-content/uploads/SlSb_1_18_1.pdf">Kirchliche Organisation im heutigen Hultschiner Ländchen im Licht der erhaltenen Matrikeln – ein historischer Rückblick</a></h2>



<h3 class="wp-block-heading">Parish Organizations in Today’s Hlučín Region in the Light of Preserved Registers – Historical Look Back</h3>



<h4 class="wp-block-heading">Zdeněk Kravar</h4>



<h5 class="wp-block-heading">The article presents an outline of the historical development of the ecclesiastical organization of the Hlučín region, which has a specific position among the other border regions of today’s Czech Republic. Although the Hlučín region was part of Germany from 1742 to 1920, it belonged to the (Arch)Diocese of Olomouc, so the church development progressed continuously with the development in neighbouring Austria. The text outlines the basic features of this development, which are complemented by the overview of the most important archival materials on this subject &#8211; parish registers.
</h5>



<h2 class="wp-block-heading"><a href="/wp-content/uploads/SlSb_1_18_2.pdf">Průmyslové pokračovací školství v rakouském Slezsku do první světové války: základní vývojové tendence</a></h2>



<h3 class="wp-block-heading">Industrial Continuing Education in Silesian Austria until World War I: Basic Development Trends</h3>



<h4 class="wp-block-heading">Petr Kadlec</h4>



<h5 class="wp-block-heading">The study is concerned with the development of educational training for apprentices in Silesia. The aim of the author is to show the basic developmental tendencies of the so-called industrial continuing schools (Fortbildungsschulen), to show their place in the educational system and the role they played in the education of youth, whose professional application was later associated with industry or the operation of various craft trades. The study is focused on the period of the last third of the 19th and the beginning of the 20th century, i.e. the time of establishment and dynamic development of Silesian continuing schools. It provides an insight into the organization of studies and the composition of pupils. The all-land perspective is complemented by pieces of knowledge from specific locations and school institutions. Particular attention is paid to the school in Bruntál, by the example of which some phenomena of a more general nature are documented.</h5>



<h2 class="wp-block-heading"><a href="/wp-content/uploads/SlSb_1_18_3.pdf">Centralisté = komunisté? Příklad Ostravska</a></h2>



<h3 class="wp-block-heading">Centralists = Commiunists? Example of Ostrava region</h3>



<h4 class="wp-block-heading">Stanislav Knob</h4>



<h5 class="wp-block-heading">Czech Social Democracy has undergone a complex development, in which it split several times into several camps. Probably the least explored and reflected split is the one into the so-called Autonomists and Centralists, shortly before the First World War. Although both of these streams reunited after the war, many differences of opinion persisted, and so, in the next split, many Centralists joined the ranks of the newly-established Communist Party. This assertion can be proved by the example of the Ostrava Region.</h5>



<h2 class="wp-block-heading"><a href="/wp-content/uploads/SlSb_1_18_4.pdf">Bezpečnostně-politické poměry na Hlučínsku očima pořádkového aparátu v období mezi volbami 1935 a Mnichovskou dohodou</a></h2>



<h3 class="wp-block-heading">The Security-Political Situation in the Hlučín Region as Seen by the Security Apparatus between the 1935 Elections and the Munich Agreement</h3>



<h4 class="wp-block-heading">Ivana Kolářová</h4>



<h5 class="wp-block-heading">The study describes and analyzes the most prominent manifestations of the intensifying security-political situation in the Hlučín region as well as the forms in which the state authorities and, in particular, the security troops, responded to the situation. In general features, we focus on a period that is defined by two important points, namely the parliamentary elections of 1935, and the signature of the Munich Agreement at the end of September 1938. Attention will also be paid to the views of regional public officials on the state-security conditions in the Hlučín region. The research is mainly based on the agenda of the security apparatus, as well as chronicle and public press.</h5>



<h2 class="wp-block-heading"><a href="/wp-content/uploads/SlSb_1_18_5.pdf">Výzkum dějin retribuce v obvodu Mimořádného lidového soudu Opava – stav, východiska a perspektivy</a></h2>



<h3 class="wp-block-heading">Research on the History of Retribution in the District of the Special People’s Court in Opava &#8211; Status, Bases and Perspectives </h3>



<h4 class="wp-block-heading">Dušan Janák – Ondřej Kolář</h4>



<h5 class="wp-block-heading">The study focuses on the phenomenon of the so-called retribution after World War II presented on the example of the Western Czech Silesia region, namely the district of the Special People’s Court in Opava, active from 1945 to 1948. The authors recapitulate the research that has been made so far into this area and address the perspectives of further research. The study explores the possibilities of using other types of sources and analyzes the significance and limits of the relevance of the retribution agenda for understanding the political and social history of the region in the 1930s and 1940s.</h5>



<h2 class="wp-block-heading"><a href="/wp-content/uploads/SlSb_1_18_6.pdf">Působení závodních rad na řešení sociálních otázek v Třineckých železárnách a železárnách a drátovnách v Bohumíně </a></h2>



<h3 class="wp-block-heading">The Functioning of Work Councils in Dealing with Social Issues In Třinec Ironworks and Iron and Wire Works in Bohumín</h3>



<h4 class="wp-block-heading">Tereza Valihrachová – Miroslav Stanik</h4>



<h5 class="wp-block-heading">This article is devoted to workers councils in steel works in the Czech part of the Silesian region after 1945-namely in Třinec and Bohumín. Workers councils represented majority of employees and were entitled to cope with various problems which affected daily life, nevertheless this paper does not deal with all of them. First pages focus in general on the situation in Czechoslovakia after 1945 and the second part covers the role of workers councils as deciding body within steel works.</h5>


<h2><a href="/wp-content/uploads/SlSb_1_18_7.pdf">Recenze a zprávy o literatuře</a></h2>
<p><!-- /wp:post-content --></p>
<p><!-- wp:heading {"level":3} --></p>
<h3>Jana DAVIDOVÁ GLOGAROVÁ – Jaroslav DAVID, Obrazy z cest do země sovětů: České cestopisy do sovětského Ruska a Sovětského svazu 1917–1968.  (Martin  Doljeský)</h3>
<p><!-- /wp:heading --></p>
<p><!-- wp:heading {"level":3} --></p>
<h3>Lubomír  HLAVIENKA,  Slovenská armáda 1939–1945. (Ondřej Kolář)</h3>
<p><!-- /wp:heading --></p>
<p><!-- wp:heading {"level":3} --></p>
<h3>Jana KASÍKOVÁ, Ať mohou přijeti. Organizace poválečné repatriace a návratů 1942–1947. (Jiří Friedl)</h3>
<p><!-- /wp:heading --></p>
<p><!-- wp:heading --></p>
<h2><a href="/wp-content/uploads/SlSb_1_18_8.pdf">Chronicle</a></h2>
<p><!-- /wp:heading --></p>
<p><!-- wp:heading {"level":3} --></p>
<h3>Odešel člověk, jenž se hrdě hlásil k Prajzákům. (Nina Pavelčíková); K 75. výročí vzniku Slezského ústavu v Opavě – ohlédnutí a výhled.<br>
(Ondřej Kolář)</h3>
<p><!-- /wp:heading --></p>
<p><!-- wp:heading --></p>
<h2><a href="/wp-content/uploads/SlSb_1_18_9.pdf">Bibliografická příloha</a></h2>
<p><!-- /wp:heading --></p>

<p>SLEZSKÝ SBORNÍK CXVI / 2018, číslo 1 Kirchliche Organisation im heutigen Hultschiner Ländchen im Licht der erhaltenen Matrikeln – ein historischer Rückblick Parish Organizations in Today’s Hlučín Region in the Light of Preserved Registers – Historical Look Back Zdeněk Kravar The article presents an outline of the historical development of the ecclesiastical organization of the&hellip; <a class="more-link" href="https://slsb.cz/en/2018-01/">Continue reading <span class="screen-reader-text">2018-01</span></a></p>
