{"id":553,"date":"2021-10-14T15:51:12","date_gmt":"2021-10-14T13:51:12","guid":{"rendered":"https:\/\/slsb.cz\/?page_id=553"},"modified":"2022-02-08T20:56:27","modified_gmt":"2022-02-08T19:56:27","slug":"2020-01","status":"publish","type":"page","link":"https:\/\/slsb.cz\/en\/2020-01\/","title":{"rendered":"2020-01"},"content":{"rendered":"<h1 class=\"has-text-align-right wp-block-heading\">SLEZSK\u00dd SBORN\u00cdK CXVIII \/ 2020, \u010d\u00edslo 1<\/h1>\n\n\n\n<h2 class=\"wp-block-heading\"><a href=\"\/wp-content\/uploads\/SlSb_1_20_1.pdf\">Josef Poled\u0148\u00e1k italsk\u00fd legion\u00e1\u0159 a posledn\u00ed ob\u011b\u0165 v\u00e1lky o T\u011b\u0161\u00ednsko<\/a><\/h2>\n\n\n\n<h3 class=\"wp-block-heading\">Member of Czechoslovak Legions in Italy and the Last victim of the Teschen War<\/h3>\n\n\n\n<h4 class=\"wp-block-heading\">Tom\u00e1\u0161 Rusek<\/h4>\n\n\n\n<h5 class=\"wp-block-heading\">The translated article connects a biographical study of the life of the legionnaire Josef Poled\u0148\u00e1k with the most detailed depiction of the fights of Italian legionnaires south of Sko\u010dov on January 30, 1919. The author places the biographical description from the earliest years into the historical context and, with the help of secondary sources, he a vividly depicts Poled\u0148\u00e1k\u2019s destinies and personal character. It explains the broader background of his captivity on the Italian front and his entry into the Czechoslovak legions, and with the help of previously unused sources, he describes in detail the last battle near Kyselov in the T\u011b\u0161\u00edn region, which became fatal to Poled\u0148\u00e1k. Thus, the article goes beyond the scope of a classical biographical study and complements the historiography of the Czechoslovak-Polish War of January 1919 with further details. The conclusion is then devoted to the terminological clarification of inconsistencies in Poled\u0148\u00e1k\u2019s legionary work and also to his \u201csecond life\u201d, which was enriched last year, thanks to the Vala\u0161sk\u00e9 Mezi\u0159\u00ed\u010d\u00ed Union of the Czechoslovak Legionnaire Community, with a memorial plaque unveiled in the local grammar school.<\/h5>\n\n\n\n<h2 class=\"wp-block-heading\"><a href=\"\/wp-content\/uploads\/SlSb_1_20_2.pdf\">St\u00e1tn\u00ed pracovn\u00ed slu\u017eba v kontextu Sudetendeutscher Freiwilliger Arbeitsdienst v meziv\u00e1le\u010dn\u00e9m \u010ceskoslovensku: rozpor ide\u00e1l\u016f demokracie a hospod\u00e1\u0159sk\u00e9 reality 30. let 20. stolet\u00ed<\/a><\/h2>\n\n\n\n<h3 class=\"wp-block-heading\">Civil labour service in the context of the Sudetendeutscher Freiwilliger Arbeitsdienst in interwar Czechoslovakia: the contradiction of the ideals of democracy and economic reality in the 1930s<\/h3>\n\n\n\n<h4 class=\"wp-block-heading\">Jitka Balcarov\u00e1<\/h4>\n\n\n\n<h5 class=\"wp-block-heading\">The article deals with the issue of unemployment in the 1930s in Czechoslovakia in the context of efforts to alleviate it by means of the so-called labour service and the construction of labour camps for young people, especially the youth. The existence of two strong national communities (Czechs and Germans) brought about a double effort of the same, i.e. Czechoslovakia witnessed the implementation of labour service, which can be described as civil service on the one hand and \u201cSudeten German\u201d service on the other. The so-called labour battalions established at the municipal level and the so-called labour battalions of the Ba\u0165a company, the formation of which was primarily motivated by private business interest, are left aside. The author provides a comparison of the development of the then world phenomenon \u2014 alleviating youth unemployment in two national environments in one state. The first part of the article provides an overview of state activities in the construction of so-called labour camps, followed by a comparison with the Sudetendeutscher Freiwilliger Arbeitsdienst (Sudeten German Voluntary Labour Service, SFAD), where the author refers to an already published analysis. The chosen issue is explored on the basis of sources from that period &#8211; archival and printed ones, of Czech and German provenance, and application of a comparative method in particular. The article also aims to point out the professional deviation of the interpretation of the issue by part of historiographic research, which puts the labour service in direct connection with prisons for the correction of criminals from the Habsburg monarchy and forced labour camps from the time of Nazi Germany.<\/h5>\n\n\n\n<h2 class=\"wp-block-heading\"><a href=\"\/wp-content\/uploads\/SlSb_1_20_3.pdf\">N\u00e1rodnostn\u00ed problematika na \u00fazem\u00ed okres\u016f Brunt\u00e1l, Krnov a R\u00fdma\u0159ov v letech 1948\u20131960<\/a><\/h2>\n\n\n\n<h3 class=\"wp-block-heading\">Ethnic issues in the districts of Brunt\u00e1l, Krnov and R\u00fdma\u0159ov between 1948 and 1960<\/h3>\n\n\n\n<h4 class=\"wp-block-heading\">Lubom\u00edr Hlavienka<\/h4>\n\n\n\n<h5 class=\"wp-block-heading\">In consequence of the results of World War II, the ethnic composition of the Czechoslovak borderland changed fundamentally, and, in the place of the originally dominant German population, a wide range of members of a number of different nationalities appeared. This study seeks to present the fates of four of these groups in an ethnically diverse border district. The area covered in the study is connected by, on the one hand, almost complete resettlement of the German population and settlement of a new one, and, on the other hand, their peripheral and submontane character. In selected minorities, both the different relationship that the communist state power had with individual groups and their development and gradual establishment into completely new political, social, and ethnic conditions can be observed.<\/h5>\n\n\n\n<h2 class=\"wp-block-heading\"><a href=\"\/wp-content\/uploads\/SlSb_1_20_4.pdf\">Obraz \u201eocelov\u00e9ho srdce republiky\u201c v publicistice druh\u00e9 poloviny 20. stolet\u00ed<\/a><\/h2>\n\n\n\n<h3 class=\"wp-block-heading\">ENGLISH<\/h3>\n\n\n\n<h4 class=\"wp-block-heading\">Jana Davidov\u00e1 Glogarov\u00e1 \u2013 Jaroslav David<\/h4>\n\n\n\n<h5 class=\"wp-block-heading\">The aim of the paper is to present the possibilities of linguistic approaches to opinion journalism as to a historical source. The analysis is focused on the thematization (conceptualization) of the city of Ostrava and its presentation as coalminers\u2019 and steelworkers\u2019 city in the Rud\u00e9 pr\u00e1vo newspaper, the official medium of the Communist Party of Czechoslovakia, during the second half of the 20th century. The first part is aimed at the usage of the ocelov\u00e9srdce republiky (\u2018the steel heart of the republic\u2019) expression, its frequency, and the way it was perceived in the studied era. In the second part of the text, there are examined changes of the city presentation through the collocation analysis of the occurrences of the Ostrava and ostravsk\u00fd (the adjective form of Ostrava) lemmas in the specialised corpus of Totalita.<\/h5>\n\n\n\n<h2 class=\"wp-block-heading\"><a href=\"\/wp-content\/uploads\/SlSb_1_20_5.pdf\">Sov\u011btizace \u010deskoslovensk\u00e9ho my\u0161len\u00ed o v\u00e1lce po \u00fanoru roku 1948<\/a><\/h2>\n\n\n\n<h3 class=\"wp-block-heading\">The Sovietization of Czechoslovakian Thinking about War after\nFebruary 1948<\/h3>\n\n\n\n<h4 class=\"wp-block-heading\">Stanislav Polnar<\/h4>\n\n\n\n<h5 class=\"wp-block-heading\">The presented paper deals with the development and the state of thought about the war in Czechoslovakia after 1948. It analyzes the influences of Marxist-leninist philosophy applied to the theory of military and military art. In addition to ideological issues, it also deals with institutional issues affecting the Sovietization of the Czechoslovak military. These include, for example, the subordination of Czechoslovak military education to Soviet models or the activities of Soviet advisors in the Ministry of Defense. It also notes changes in the operational thinking of Czechoslovakian soldiers, especially in the context of the development of nuclear weapons. The Czechoslovakian operational plans faithfully followed the Soviet superpower ambitions in the event of a global conflict.<\/h5>\n\n\n\n<h2 class=\"wp-block-heading\"><a href=\"\/wp-content\/uploads\/SlSb_1_20_6.pdf\">Eine schwierige Partnerschaft \u2013 die SPD und Polen\nin den 1980er Jahren<\/a><\/h2>\n\n\n\n<h3 class=\"wp-block-heading\">A difficult partnership \u2013 the SPD and Poland in the 1980s<\/h3>\n\n\n\n<h4 class=\"wp-block-heading\">Ma\u0142gorzata \u015awider<\/h4>\n\n\n\n<h5 class=\"wp-block-heading\">After the German Social-Democrats took over the power in the FRG, a new chapter in the Polish-German relations opened within the framework of neue Ostpolitik. The SPD became an important partner to the government of the People\u2019s Republic of Poland. In the 1980s, it developed a policy run along a double path, which consisted in maintenance of contacts with both the Government and Solidarity. Following the imposition of the martial law in Poland, the government formed by the SPD-FDP supported the humanitarian aid for Poland, endeavoring to improve the Polish-German relations. Until the end of the 1980s, it was a principal actor in the bilateral relations, practicing Nebenaussenpolitik (side foreign policy).<\/h5>\n\n\n\n<h2 class=\"wp-block-heading\"><a href=\"\/wp-content\/uploads\/SlSb_1_20_7.pdf\">Recenze a zpr\u00e1vy o literatu\u0159e<\/a><\/h2>\n\n\n\n<h3 class=\"wp-block-heading\">Karol Daniel KAD\u0141UBIEC, Opowiado Anna Chybidziurowa. (Luk\u00e1\u0161 Turo\u0148)<\/h3>\n\n\n\n<h3 class=\"wp-block-heading\">Karol Daniel KAD\u0141UBIEC, \u015apiywo Anna Chybidziurowa a jeji s\u00f3msiedzi. (Luk\u00e1\u0161 Turo\u0148)<\/h3>\n\n\n\n<h3 class=\"wp-block-heading\">Jan DVO\u0158\u00c1K \u2013 Jaroslav FORM\u00c1NEK \u2013 Adam HRADILEK, \u010cechoslov\u00e1ci v Gulagu (\u017divotn\u00ed osudy krajan\u016f posti\u017een\u00fdch politick\u00fdmi represemi v Sov\u011btsk\u00e9m svazu).(Kamil Rodan)<\/h3>\n\n\n\n<h3 class=\"wp-block-heading\">Lothar H\u00d6BELT \u2013 Johannes KALWODA \u2013 Ji\u0159\u00ed MAL\u00cd\u0158 (Hg.): Die Tageb\u00fccher des Grafen Egbert Belcredi 1850\u20131894. (Ivan Pu\u0161) <\/h3>\n\n\n\n<h3 class=\"wp-block-heading\">David Z\u00c1V\u011a\u0160ISK\u00dd, Osvobozen\u00ed Such\u00fdch Lazc\u016f. \u00datrapy druh\u00e9 sv\u011btov\u00e9 v\u00e1lky. (Ond\u0159ej Kol\u00e1\u0159)<\/h3>\n\n\n\n<h2 class=\"wp-block-heading\"><a href=\"\/wp-content\/uploads\/SlSb_1_20_8.pdf\">Chronicle<\/a><\/h2>\n\n\n\n<h3 class=\"wp-block-heading\">Franti\u0161ek Uhl\u00ed\u0159 \u2013 u\u010ditel, politik, kazatel (K dvoj\u00edmu jubileu) (Pavel \u0160op\u00e1k)<\/h3>\n\n\n\n<h2 class=\"wp-block-heading\"><a href=\"\/wp-content\/uploads\/SlSb_1_20_9.pdf\">Bibliografick\u00e1 p\u0159\u00edloha<\/a><\/h2>","protected":false},"excerpt":{"rendered":"<p>SLEZSK\u00dd SBORN\u00cdK CXVIII \/ 2020, \u010d\u00edslo 1 Josef Poled\u0148\u00e1k italsk\u00fd legion\u00e1\u0159 a posledn\u00ed ob\u011b\u0165 v\u00e1lky o T\u011b\u0161\u00ednsko Member of Czechoslovak Legions in Italy and the Last victim of the Teschen War Tom\u00e1\u0161 Rusek The translated article connects a biographical study of the life of the legionnaire Josef Poled\u0148\u00e1k with the most detailed depiction of the&hellip; <a class=\"more-link\" href=\"https:\/\/slsb.cz\/en\/2020-01\/\">Continue reading <span class=\"screen-reader-text\">2020-01<\/span><\/a><\/p>","protected":false},"author":1,"featured_media":0,"parent":0,"menu_order":0,"comment_status":"closed","ping_status":"closed","template":"","meta":{"footnotes":""},"class_list":["post-553","page","type-page","status-publish","hentry","entry"],"_links":{"self":[{"href":"https:\/\/slsb.cz\/en\/wp-json\/wp\/v2\/pages\/553","targetHints":{"allow":["GET"]}}],"collection":[{"href":"https:\/\/slsb.cz\/en\/wp-json\/wp\/v2\/pages"}],"about":[{"href":"https:\/\/slsb.cz\/en\/wp-json\/wp\/v2\/types\/page"}],"author":[{"embeddable":true,"href":"https:\/\/slsb.cz\/en\/wp-json\/wp\/v2\/users\/1"}],"replies":[{"embeddable":true,"href":"https:\/\/slsb.cz\/en\/wp-json\/wp\/v2\/comments?post=553"}],"version-history":[{"count":5,"href":"https:\/\/slsb.cz\/en\/wp-json\/wp\/v2\/pages\/553\/revisions"}],"predecessor-version":[{"id":663,"href":"https:\/\/slsb.cz\/en\/wp-json\/wp\/v2\/pages\/553\/revisions\/663"}],"wp:attachment":[{"href":"https:\/\/slsb.cz\/en\/wp-json\/wp\/v2\/media?parent=553"}],"curies":[{"name":"wp","href":"https:\/\/api.w.org\/{rel}","templated":true}]}}

<h1 class="has-text-align-right wp-block-heading">SLEZSKÝ SBORNÍK CXVIII / 2020, číslo 1</h1>



<h2 class="wp-block-heading"><a href="/wp-content/uploads/SlSb_1_20_1.pdf">Josef Poledňák italský legionář a poslední oběť války o Těšínsko</a></h2>



<h3 class="wp-block-heading">Member of Czechoslovak Legions in Italy and the Last victim of the Teschen War</h3>



<h4 class="wp-block-heading">Tomáš Rusek</h4>



<h5 class="wp-block-heading">The translated article connects a biographical study of the life of the legionnaire Josef Poledňák with the most detailed depiction of the fights of Italian legionnaires south of Skočov on January 30, 1919. The author places the biographical description from the earliest years into the historical context and, with the help of secondary sources, he a vividly depicts Poledňák’s destinies and personal character. It explains the broader background of his captivity on the Italian front and his entry into the Czechoslovak legions, and with the help of previously unused sources, he describes in detail the last battle near Kyselov in the Těšín region, which became fatal to Poledňák. Thus, the article goes beyond the scope of a classical biographical study and complements the historiography of the Czechoslovak-Polish War of January 1919 with further details. The conclusion is then devoted to the terminological clarification of inconsistencies in Poledňák’s legionary work and also to his “second life”, which was enriched last year, thanks to the Valašské Meziříčí Union of the Czechoslovak Legionnaire Community, with a memorial plaque unveiled in the local grammar school.</h5>



<h2 class="wp-block-heading"><a href="/wp-content/uploads/SlSb_1_20_2.pdf">Státní pracovní služba v kontextu Sudetendeutscher Freiwilliger Arbeitsdienst v meziválečném Československu: rozpor ideálů demokracie a hospodářské reality 30. let 20. století</a></h2>



<h3 class="wp-block-heading">Civil labour service in the context of the Sudetendeutscher Freiwilliger Arbeitsdienst in interwar Czechoslovakia: the contradiction of the ideals of democracy and economic reality in the 1930s</h3>



<h4 class="wp-block-heading">Jitka Balcarová</h4>



<h5 class="wp-block-heading">The article deals with the issue of unemployment in the 1930s in Czechoslovakia in the context of efforts to alleviate it by means of the so-called labour service and the construction of labour camps for young people, especially the youth. The existence of two strong national communities (Czechs and Germans) brought about a double effort of the same, i.e. Czechoslovakia witnessed the implementation of labour service, which can be described as civil service on the one hand and “Sudeten German” service on the other. The so-called labour battalions established at the municipal level and the so-called labour battalions of the Baťa company, the formation of which was primarily motivated by private business interest, are left aside. The author provides a comparison of the development of the then world phenomenon — alleviating youth unemployment in two national environments in one state. The first part of the article provides an overview of state activities in the construction of so-called labour camps, followed by a comparison with the Sudetendeutscher Freiwilliger Arbeitsdienst (Sudeten German Voluntary Labour Service, SFAD), where the author refers to an already published analysis. The chosen issue is explored on the basis of sources from that period &#8211; archival and printed ones, of Czech and German provenance, and application of a comparative method in particular. The article also aims to point out the professional deviation of the interpretation of the issue by part of historiographic research, which puts the labour service in direct connection with prisons for the correction of criminals from the Habsburg monarchy and forced labour camps from the time of Nazi Germany.</h5>



<h2 class="wp-block-heading"><a href="/wp-content/uploads/SlSb_1_20_3.pdf">Národnostní problematika na území okresů Bruntál, Krnov a Rýmařov v letech 1948–1960</a></h2>



<h3 class="wp-block-heading">Ethnic issues in the districts of Bruntál, Krnov and Rýmařov between 1948 and 1960</h3>



<h4 class="wp-block-heading">Lubomír Hlavienka</h4>



<h5 class="wp-block-heading">In consequence of the results of World War II, the ethnic composition of the Czechoslovak borderland changed fundamentally, and, in the place of the originally dominant German population, a wide range of members of a number of different nationalities appeared. This study seeks to present the fates of four of these groups in an ethnically diverse border district. The area covered in the study is connected by, on the one hand, almost complete resettlement of the German population and settlement of a new one, and, on the other hand, their peripheral and submontane character. In selected minorities, both the different relationship that the communist state power had with individual groups and their development and gradual establishment into completely new political, social, and ethnic conditions can be observed.</h5>



<h2 class="wp-block-heading"><a href="/wp-content/uploads/SlSb_1_20_4.pdf">Obraz „ocelového srdce republiky“ v publicistice druhé poloviny 20. století</a></h2>



<h3 class="wp-block-heading">ENGLISH</h3>



<h4 class="wp-block-heading">Jana Davidová Glogarová – Jaroslav David</h4>



<h5 class="wp-block-heading">The aim of the paper is to present the possibilities of linguistic approaches to opinion journalism as to a historical source. The analysis is focused on the thematization (conceptualization) of the city of Ostrava and its presentation as coalminers’ and steelworkers’ city in the Rudé právo newspaper, the official medium of the Communist Party of Czechoslovakia, during the second half of the 20th century. The first part is aimed at the usage of the ocelovésrdce republiky (‘the steel heart of the republic’) expression, its frequency, and the way it was perceived in the studied era. In the second part of the text, there are examined changes of the city presentation through the collocation analysis of the occurrences of the Ostrava and ostravský (the adjective form of Ostrava) lemmas in the specialised corpus of Totalita.</h5>



<h2 class="wp-block-heading"><a href="/wp-content/uploads/SlSb_1_20_5.pdf">Sovětizace československého myšlení o válce po únoru roku 1948</a></h2>



<h3 class="wp-block-heading">The Sovietization of Czechoslovakian Thinking about War after
February 1948</h3>



<h4 class="wp-block-heading">Stanislav Polnar</h4>



<h5 class="wp-block-heading">The presented paper deals with the development and the state of thought about the war in Czechoslovakia after 1948. It analyzes the influences of Marxist-leninist philosophy applied to the theory of military and military art. In addition to ideological issues, it also deals with institutional issues affecting the Sovietization of the Czechoslovak military. These include, for example, the subordination of Czechoslovak military education to Soviet models or the activities of Soviet advisors in the Ministry of Defense. It also notes changes in the operational thinking of Czechoslovakian soldiers, especially in the context of the development of nuclear weapons. The Czechoslovakian operational plans faithfully followed the Soviet superpower ambitions in the event of a global conflict.</h5>



<h2 class="wp-block-heading"><a href="/wp-content/uploads/SlSb_1_20_6.pdf">Eine schwierige Partnerschaft – die SPD und Polen
in den 1980er Jahren</a></h2>



<h3 class="wp-block-heading">A difficult partnership – the SPD and Poland in the 1980s</h3>



<h4 class="wp-block-heading">Małgorzata Świder</h4>



<h5 class="wp-block-heading">After the German Social-Democrats took over the power in the FRG, a new chapter in the Polish-German relations opened within the framework of neue Ostpolitik. The SPD became an important partner to the government of the People’s Republic of Poland. In the 1980s, it developed a policy run along a double path, which consisted in maintenance of contacts with both the Government and Solidarity. Following the imposition of the martial law in Poland, the government formed by the SPD-FDP supported the humanitarian aid for Poland, endeavoring to improve the Polish-German relations. Until the end of the 1980s, it was a principal actor in the bilateral relations, practicing Nebenaussenpolitik (side foreign policy).</h5>



<h2 class="wp-block-heading"><a href="/wp-content/uploads/SlSb_1_20_7.pdf">Recenze a zprávy o literatuře</a></h2>



<h3 class="wp-block-heading">Karol Daniel KADŁUBIEC, Opowiado Anna Chybidziurowa. (Lukáš Turoň)</h3>



<h3 class="wp-block-heading">Karol Daniel KADŁUBIEC, Śpiywo Anna Chybidziurowa a jeji sómsiedzi. (Lukáš Turoň)</h3>



<h3 class="wp-block-heading">Jan DVOŘÁK – Jaroslav FORMÁNEK – Adam HRADILEK, Čechoslováci v Gulagu (Životní osudy krajanů postižených politickými represemi v Sovětském svazu).(Kamil Rodan)</h3>



<h3 class="wp-block-heading">Lothar HÖBELT – Johannes KALWODA – Jiří MALÍŘ (Hg.): Die Tagebücher des Grafen Egbert Belcredi 1850–1894. (Ivan Puš) </h3>



<h3 class="wp-block-heading">David ZÁVĚŠISKÝ, Osvobození Suchých Lazců. Útrapy druhé světové války. (Ondřej Kolář)</h3>



<h2 class="wp-block-heading"><a href="/wp-content/uploads/SlSb_1_20_8.pdf">Chronicle</a></h2>



<h3 class="wp-block-heading">František Uhlíř – učitel, politik, kazatel (K dvojímu jubileu) (Pavel Šopák)</h3>



<h2 class="wp-block-heading"><a href="/wp-content/uploads/SlSb_1_20_9.pdf">Bibliografická příloha</a></h2>

<p>SLEZSKÝ SBORNÍK CXVIII / 2020, číslo 1 Josef Poledňák italský legionář a poslední oběť války o Těšínsko Member of Czechoslovak Legions in Italy and the Last victim of the Teschen War Tomáš Rusek The translated article connects a biographical study of the life of the legionnaire Josef Poledňák with the most detailed depiction of the&hellip; <a class="more-link" href="https://slsb.cz/en/2020-01/">Continue reading <span class="screen-reader-text">2020-01</span></a></p>
